. Let c = 7 + x. What is the units digit of c?
7
Let l(z) = 9*z**2 - 17*z - 157. What is the tens digit of l(-8)?
5
Let w = -720 + 1120. What is the hundreds digit of w?
4
Suppose 3999 = 8*c - 3049. What is the tens digit of c?
8
Let q(a) = -299*a + 361. What is the tens digit of q(-6)?
5
Let y = 1457 - 842. What is the units digit of y?
5
Let k(g) = g**3 - 6*g**2 + 5*g - 4. Let v(n) = 4*n**2 + 1. Let o be v(1). Let y be k(o). Let u(i) = -10*i + 12. What is the tens digit of u(y)?
5
Let h be (-1 - 2/(-6))*3 + -61. Let b = -33 - h. What is the tens digit of b?
3
Let h be 0/2 + (-2 - -6). Suppose 6*a - h*a - 190 = 4*i, -20 = 5*i. What is the tens digit of a?
8
Let a(p) = p**2 - 6*p - 2. Let l be a(-6). Suppose -x = 4*x - l. What is the tens digit of x?
1
Let c be 0 + 7 - (-3 + 6). Let j be (-2)/c + 6/(-4). What is the units digit of (-1 + 2)/(j/(-10))?
5
What is the hundreds digit of (-22510)/(-8) - (-2 + (-176)/(-64))?
8
Suppose -7*r = -4200 - 2814. What is the units digit of r?
2
Suppose 1 = -3*x + 2*x - 3*s, 13 = 5*x - 3*s. Suppose x*k - 4*d - 7 = 27, 0 = -4*k - 5*d + 120. What is the tens digit of k?
2
Let x(w) = -w + 17. Let y be x(14). Suppose 0 = -4*a - 2*k + 154, 0 = -4*a + 8*k - y*k + 189. What is the units digit of a?
1
Let q be -2*(1 - -4)/(-5). Let i(s) = 6*s**2 - 4*s + 5. What is the units digit of i(q)?
1
Let v = 767 - 607. What is the units digit of v?
0
Suppose 464*k - 484*k = -19620. What is the hundreds digit of k?
9
Let b(a) = 11*a**2 + 17*a - 11. What is the hundreds digit of b(-11)?
1
Suppose -21*b + 6267 + 4989 = 0. What is the hundreds digit of b?
5
Suppose -4*g + 3*l + 400 = -2*l, -4*g - l = -424. What is the tens digit of (1 + g)*(-3)/(-2)?
5
Let z(i) = -2*i**3 - 12*i**2 - 4*i**3 + 29*i**2 + 9*i + 9 + 5*i**3. What is the tens digit of z(17)?
6
Suppose 4*p + 5*f + 7 = 3, p + f + 1 = 0. Let r be 116 - 2 - 2/p. Suppose 0 = 3*y - r - 1. What is the tens digit of y?
3
What is the tens digit of (-36)/(-48)*-2*6100/(-3)?
5
Let o = -13 - -10. Let p be (-2)/4*(-7 - o). Suppose -p*t + 5*z = -42 - 15, -2*z = 10. What is the units digit of t?
6
Suppose -l = -2*c + 23 + 7, -5*l - 59 = -3*c. Suppose -2*d + c = -63. What is the tens digit of d?
3
Let r = -12 + 157. Suppose r = -106*t + 111*t. What is the units digit of t?
9
Suppose 5*o - 18 = -k + 12, 0 = 5*o - 5*k - 60. Let p(i) = 2*i - 16. Let z be p(o). What is the units digit of (14/4*-4)/z?
7
Suppose 6*p + 5660 = 10*p. Suppose 15*w - p = 730. What is the tens digit of w?
4
Let v(b) = -b - 1. Let y be v(-4). Suppose -84 = -2*f + f + 4*g, 119 = f + y*g. Suppose 260 = 6*a + f. What is the units digit of a?
6
Let w(l) = 4*l + 22. Let a be w(-8). Let t(k) = k**2 - 3*k + 14. What is the units digit of t(a)?
4
Let f = -56 - -32. Let b = f - -35. What is the units digit of b?
1
Suppose -2*b - 2*b + 8 = 0. Suppose 3*q - 4 = -5*l + b, 4*l = -3*q + 6. Suppose -q*t + 30 = -0*t. What is the tens digit of t?
1
Let o(q) = 7*q**3 + q**2 + q + 4. Let t be o(-2). Let b = 82 + t. What is the tens digit of b?
3
Let c(r) = -9 - 12*r - 43*r**2 + 47*r**2 + 10. What is the tens digit of c(7)?
1
Let f(p) = 31*p**2 + 8*p - 1. What is the hundreds digit of f(-3)?
2
Suppose -3*w - 5*d - 2 = 0, -5*w - 2*d - d = -2. What is the tens digit of 5445/81 - ((-4)/(-18))/w?
6
Suppose -o = -3*c + 1, 4*o + 8*c = 4*c + 12. Let m(y) = -6 - o*y - y - 1 - 2. What is the units digit of m(-4)?
3
Let n be 4/(-14) - 191/(-7). Suppose l + 2*s = -0*s + 15, n = l + 5*s. What is the units digit of l?
7
Let q(z) be the first derivative of 5*z**2 - 13*z - 5. What is the tens digit of q(8)?
6
Let n = 138 - -290. What is the tens digit of n?
2
Let c = 248 + -436. What is the tens digit of (c/(-6))/((-6)/(-9))?
4
Let s be (12/(-4) - -22)*3. Let y = s - 39. What is the units digit of y?
8
Let m(q) = -q**3 - 7*q**2 - 27. Let p be m(-8). Let y = 57 + p. What is the tens digit of y?
9
Suppose 774 = -4*l - 2*l. What is the units digit of l*(-3)/27*3*1?
3
Let s = -225 - -99. Let u = s - -86. Let f = u + 89. What is the units digit of f?
9
Suppose -2*a + 65 = 11. Let d = a + -4. What is the units digit of d?
3
Let x = 310 - -252. What is the hundreds digit of x?
5
Suppose 2*q = -5*b + 1966, -3*b + 3*q + 685 + 503 = 0. What is the tens digit of b?
9
Let q(t) = -t**3 - 12*t**2 - 20*t - 8. Let j be q(-10). What is the hundreds digit of j/14 - (11472/14)/(-6)?
1
Suppose -b = 5*u + 42, 0*u = -4*u - 2*b - 36. Let k(z) = -z + 16. What is the units digit of k(u)?
4
Let c = -1947 - -4045. What is the thousands digit of c?
2
Let l = 62 - 34. Suppose 4*n - 4*y - l = 0, -2*n + 22 - 5 = -3*y. Suppose 4*q = n*t - 96, -5*q - 54 = -3*t + t. What is the units digit of t?
2
Let b be -4 - (-6 + 4 + 74/(-2)). Suppose 0 = t - 1 - b. What is the tens digit of t?
3
Suppose -38*m = -16*m - 92466. What is the tens digit of m?
0
Let q be (14/(-35))/(-3 + (-58)/(-20)). Suppose 0 = 5*j - q*j - y - 175, -j + 3*y = -185. What is the hundreds digit of j?
1
Suppose 0 = -v + 3*m + 1197, -43*v + 45*v - m = 2379. What is the hundreds digit of v?
1
What is the tens digit of (-3 - 4/1) + 630?
2
Let r(x) = -x**3 - 11*x**2 - x - 5. Let a(h) = 2*h**2 + 10*h - 12. Let d be a(-8). Suppose 5*c + d = -19. What is the units digit of r(c)?
6
Let x = 1040 + -32. What is the thousands digit of x?
1
Let u be 16/3 - (-8)/(-24). Let i be 2/u + (-4)/10. What is the units digit of (i - -1)/(2/14)?
7
Let s(a) be the first derivative of a**4/4 - 4*a**3/3 - 3*a**2 + a - 2. Let k be s(5). Let j(v) = v**3 + 5*v**2 + 3*v + 3. What is the units digit of j(k)?
7
What is the tens digit of 6/(-9) - (-4 + 6047/(-3))?
1
Suppose -3*t = 6, -3*t - 965 - 763 = -2*g. What is the units digit of g?
1
Let d = 2069 - 256. What is the hundreds digit of d?
8
Let c(x) be the third derivative of 0*x**4 + 3/2*x**3 - 1/120*x**6 + 2*x**2 + 0 + 0*x + 1/4*x**5. What is the units digit of c(15)?
9
Suppose -5*x = h - 6952, -1635 = -3*x - 5*h + 2523. What is the tens digit of x?
9
What is the hundreds digit of 43 - -1166 - (0 - 7)?
2
Suppose -994 = -14*i + 23562. What is the hundreds digit of i?
7
Suppose -2*q - 2 = 2*u, -19 = 3*q - 3*u + 8. Let v be 0 + (-2 - q) - 1. Let y(h) = 12*h**2 + h - 1. What is the units digit of y(v)?
9
Let r(h) = 858*h**2 + 7*h + 7. What is the tens digit of r(-1)?
5
Let v be (-1)/3*(-38 + -4)/(-1). Let z = -37 - -54. Let a = v + z. What is the units digit of a?
3
Let d(r) = -84*r**3 - r**2 - 8*r - 10. What is the units digit of d(-2)?
4
Let n = 663 - 433. What is the units digit of n?
0
Let x(s) = -48*s**3 + s + 1. Let a be x(-1). Let j be (1 - -1)/(32/a). Suppose c = -5*d + 37, 0 = -j*c - d - 0*d + 153. What is the units digit of c?
2
Let w = -9 + -3. Suppose 14*k - 238 - 56 = 0. Let f = w + k. What is the units digit of f?
9
Suppose -4*l - 14 + 66 = 0. What is the units digit of l?
3
Suppose 3*b + 68 - 443 = -3*l, 4*b - 140 = -l. What is the tens digit of l?
2
Let i(z) = z**2 + 11*z + 26. Let y be i(-6). What is the hundreds digit of (2*5)/(y/(-40))?
1
Suppose 26 + 4 = 5*a. Let t(y) = -5*y + y**3 + 4*y**3 - 4 - 4*y**3 - 3*y**2. What is the units digit of t(a)?
4
Let v(q) = -6*q**2 - 5*q**2 + 21*q - 6 + 14*q**2. What is the units digit of v(-9)?
8
Suppose -3*y + 4*y = -4*z - 12, -5*z - 2*y = 15. What is the hundreds digit of z + 0 + (-1 - -2*56)?
1
Let p be -1 - -50 - (-2 - -2). Let f = -21 + p. What is the tens digit of f?
2
Suppose 14*g - 6108 = 2*g. What is the tens digit of g?
0
Let j(n) = 4*n**2 - 4*n + 2*n**2 + 3 - n - 3*n**2. Let d be j(3). What is the tens digit of 6/d + 416/10?
4
Let r be (25/(-10) + 4)*2. What is the units digit of r*(-111)/9*-1?
7
Suppose -2*s - 2*n + 181 = -119, -2*n - 153 = -s. What is the tens digit of 4/4*s/1?
5
Let m = 2 + 3. Suppose -2*t = -m*v - 1, 0 = -2*t - 2*v + 6*v + 2. Suppose r - t*o = 14, -r - 4*o = -0*o + 7. What is the units digit of r?
5
Let y = 4 + -16. What is the tens digit of 40*8/y*-3?
8
Let i(o) = -o**2 + o. Let s(y) = -7*y**2 - 6*y - 1. Let q(d) = -3*i(d) - s(d). Suppose z = 3*z + 4. What is the tens digit of q(z)?
3
Let c(p) = -7*p + 10. Let f be c(1). Suppose -5*x + 285 = 2*d, -d - x + 579 = f*d. What is the hundreds digit of d?
1
Suppose 0 = 4*h + 5*v - 2, -h - 5 + 16 = -4*v. Let c = 70 + -65. Suppose -c*r + 2*t + 77 = 5, h*r - 44 = 2*t. 